{"id":572,"date":"2026-02-21T19:45:27","date_gmt":"2026-02-21T18:45:27","guid":{"rendered":"https:\/\/zielinskizaune.com\/?page_id=572"},"modified":"2026-02-22T11:01:25","modified_gmt":"2026-02-22T10:01:25","slug":"heim","status":"publish","type":"page","link":"https:\/\/zielinskizaune.com\/","title":{"rendered":"HEIM"},"content":{"rendered":"\t\t<div data-elementor-type=\"wp-page\" data-elementor-id=\"572\" class=\"elementor elementor-572\">\n\t\t\t\t<div class=\"elementor-element elementor-element-f7882ae e-flex e-con-boxed wpr-particle-no wpr-jarallax-no wpr-parallax-no wpr-sticky-section-no e-con e-parent\" data-id=\"f7882ae\" data-element_type=\"container\" data-e-type=\"container\">\n\t\t\t\t\t<div class=\"e-con-inner\">\n\t\t\t\t<div class=\"elementor-element elementor-element-8d07bb3 elementor-widget elementor-widget-heading\" data-id=\"8d07bb3\" data-element_type=\"widget\" data-e-type=\"widget\" data-widget_type=\"heading.default\">\n\t\t\t\t\t<h2 class=\"elementor-heading-title elementor-size-default\">Willkommen auf der zielinskizaune-Website<\/h2>\t\t\t\t<\/div>\n\t\t\t\t<div class=\"elementor-element elementor-element-af9051e elementor-widget elementor-widget-heading\" data-id=\"af9051e\" data-element_type=\"widget\" data-e-type=\"widget\" data-widget_type=\"heading.default\">\n\t\t\t\t\t<h4 class=\"elementor-heading-title elementor-size-default\">Die Website ist eine Galerie fertiggestellter Z\u00e4une<br><\/h4>\t\t\t\t<\/div>\n\t\t\t\t<div class=\"elementor-element elementor-element-7854bed elementor-widget elementor-widget-heading\" data-id=\"7854bed\" data-element_type=\"widget\" data-e-type=\"widget\" data-widget_type=\"heading.default\">\n\t\t\t\t\t<h5 class=\"elementor-heading-title elementor-size-default\">Wir produzieren und installieren ma\u00dfgeschneiderte Z\u00e4une,\n\n<\/h5>\t\t\t\t<\/div>\n\t\t\t\t<div class=\"elementor-element elementor-element-01cf97b elementor-widget elementor-widget-heading\" data-id=\"01cf97b\" data-element_type=\"widget\" data-e-type=\"widget\" data-widget_type=\"heading.default\">\n\t\t\t\t\t<h5 class=\"elementor-heading-title elementor-size-default\"> die auf Ihr Gel\u00e4nde und Ihre Vorlieben zugeschnitten sind\n\n<\/h5>\t\t\t\t<\/div>\n\t\t\t\t\t<\/div>\n\t\t\t\t<\/div>\n\t\t<div class=\"elementor-element elementor-element-fad0c63 e-flex e-con-boxed wpr-particle-no wpr-jarallax-no wpr-parallax-no wpr-sticky-section-no e-con e-parent\" data-id=\"fad0c63\" data-element_type=\"container\" data-e-type=\"container\">\n\t\t\t\t\t<div class=\"e-con-inner\">\n\t\t\t\t<div class=\"elementor-element elementor-element-f2df2b0 elementor-arrows-position-inside elementor-widget elementor-widget-image-carousel\" data-id=\"f2df2b0\" data-element_type=\"widget\" data-e-type=\"widget\" data-settings=\"{&quot;slides_to_show&quot;:&quot;1&quot;,&quot;navigation&quot;:&quot;arrows&quot;,&quot;autoplay&quot;:&quot;yes&quot;,&quot;pause_on_hover&quot;:&quot;yes&quot;,&quot;pause_on_interaction&quot;:&quot;yes&quot;,&quot;autoplay_speed&quot;:5000,&quot;infinite&quot;:&quot;yes&quot;,&quot;effect&quot;:&quot;slide&quot;,&quot;speed&quot;:500}\" data-widget_type=\"image-carousel.default\">\n\t\t\t\t\t\t\t<div class=\"elementor-image-carousel-wrapper swiper\" role=\"region\" aria-roledescription=\"carousel\" aria-label=\"Karuzela obrazk\u00f3w\" dir=\"ltr\">\n\t\t\t<div class=\"elementor-image-carousel swiper-wrapper\" aria-live=\"off\">\n\t\t\t\t\t\t\t\t<div class=\"swiper-slide\" role=\"group\" aria-roledescription=\"slide\" aria-label=\"1 z 5\"><a data-elementor-open-lightbox=\"yes\" data-elementor-lightbox-slideshow=\"f2df2b0\" data-e-action-hash=\"#elementor-action%3Aaction%3Dlightbox%26settings%3DeyJpZCI6NjgyLCJ1cmwiOiJodHRwOlwvXC96aWVsaW5za2l6YXVuZS5jb21cL3dwLWNvbnRlbnRcL3VwbG9hZHNcLzIwMjZcLzAyXC9XaGF0c0FwcC1JbWFnZS0yMDI1LTA5LTMwLWF0LTExLjMzLjU3Mi5qcGciLCJzbGlkZXNob3ciOiJmMmRmMmIwIn0%3D\" href=\"http:\/\/zielinskizaune.com\/wp-content\/uploads\/2026\/02\/WhatsApp-Image-2025-09-30-at-11.33.572.jpg\"><figure class=\"swiper-slide-inner\"><img decoding=\"async\" class=\"swiper-slide-image\" src=\"http:\/\/zielinskizaune.com\/wp-content\/uploads\/2026\/02\/WhatsApp-Image-2025-09-30-at-11.33.572.jpg\" alt=\"WhatsApp Image 2025-09-30 at 11.33.572\" \/><\/figure><\/a><\/div><div class=\"swiper-slide\" role=\"group\" aria-roledescription=\"slide\" aria-label=\"2 z 5\"><a data-elementor-open-lightbox=\"yes\" data-elementor-lightbox-slideshow=\"f2df2b0\" data-e-action-hash=\"#elementor-action%3Aaction%3Dlightbox%26settings%3DeyJpZCI6MzMwLCJ1cmwiOiJodHRwOlwvXC96aWVsaW5za2l6YXVuZS5jb21cL3dwLWNvbnRlbnRcL3VwbG9hZHNcLzIwMjZcLzAyXC90Mi5qcGciLCJzbGlkZXNob3ciOiJmMmRmMmIwIn0%3D\" href=\"http:\/\/zielinskizaune.com\/wp-content\/uploads\/2026\/02\/t2.jpg\"><figure class=\"swiper-slide-inner\"><img decoding=\"async\" class=\"swiper-slide-image\" src=\"http:\/\/zielinskizaune.com\/wp-content\/uploads\/2026\/02\/t2-1536x864.jpg\" alt=\"t2\" \/><\/figure><\/a><\/div><div class=\"swiper-slide\" role=\"group\" aria-roledescription=\"slide\" aria-label=\"3 z 5\"><a data-elementor-open-lightbox=\"yes\" data-elementor-lightbox-slideshow=\"f2df2b0\" data-e-action-hash=\"#elementor-action%3Aaction%3Dlightbox%26settings%3DeyJpZCI6NDEwLCJ1cmwiOiJodHRwOlwvXC96aWVsaW5za2l6YXVuZS5jb21cL3dwLWNvbnRlbnRcL3VwbG9hZHNcLzIwMjZcLzAyXC9jMjQuanBnIiwic2xpZGVzaG93IjoiZjJkZjJiMCJ9\" href=\"http:\/\/zielinskizaune.com\/wp-content\/uploads\/2026\/02\/c24.jpg\"><figure class=\"swiper-slide-inner\"><img decoding=\"async\" class=\"swiper-slide-image\" src=\"http:\/\/zielinskizaune.com\/wp-content\/uploads\/2026\/02\/c24-1536x864.jpg\" alt=\"c24\" \/><\/figure><\/a><\/div><div class=\"swiper-slide\" role=\"group\" aria-roledescription=\"slide\" aria-label=\"4 z 5\"><a data-elementor-open-lightbox=\"yes\" data-elementor-lightbox-slideshow=\"f2df2b0\" data-e-action-hash=\"#elementor-action%3Aaction%3Dlightbox%26settings%3DeyJpZCI6MzA0LCJ1cmwiOiJodHRwOlwvXC96aWVsaW5za2l6YXVuZS5jb21cL3dwLWNvbnRlbnRcL3VwbG9hZHNcLzIwMjZcLzAyXC9kMTUtc2NhbGVkLmpwZyIsInNsaWRlc2hvdyI6ImYyZGYyYjAifQ%3D%3D\" href=\"http:\/\/zielinskizaune.com\/wp-content\/uploads\/2026\/02\/d15-scaled.jpg\"><figure class=\"swiper-slide-inner\"><img decoding=\"async\" class=\"swiper-slide-image\" src=\"http:\/\/zielinskizaune.com\/wp-content\/uploads\/2026\/02\/d15-1536x864.jpg\" alt=\"d15\" \/><\/figure><\/a><\/div><div class=\"swiper-slide\" role=\"group\" aria-roledescription=\"slide\" aria-label=\"5 z 5\"><a data-elementor-open-lightbox=\"yes\" data-elementor-lightbox-slideshow=\"f2df2b0\" data-e-action-hash=\"#elementor-action%3Aaction%3Dlightbox%26settings%3DeyJpZCI6NTI5LCJ1cmwiOiJodHRwOlwvXC96aWVsaW5za2l6YXVuZS5jb21cL3dwLWNvbnRlbnRcL3VwbG9hZHNcLzIwMjZcLzAyXC9zMi5qcGciLCJzbGlkZXNob3ciOiJmMmRmMmIwIn0%3D\" href=\"http:\/\/zielinskizaune.com\/wp-content\/uploads\/2026\/02\/s2.jpg\"><figure class=\"swiper-slide-inner\"><img decoding=\"async\" class=\"swiper-slide-image\" src=\"http:\/\/zielinskizaune.com\/wp-content\/uploads\/2026\/02\/s2-1536x864.jpg\" alt=\"s2\" \/><\/figure><\/a><\/div>\t\t\t<\/div>\n\t\t\t\t\t\t\t\t\t\t\t\t<div class=\"elementor-swiper-button elementor-swiper-button-prev\" role=\"button\" tabindex=\"0\">\n\t\t\t\t\t\t<svg aria-hidden=\"true\" class=\"e-font-icon-svg e-eicon-chevron-left\" viewBox=\"0 0 1000 1000\" xmlns=\"http:\/\/www.w3.org\/2000\/svg\"><path d=\"M646 125C629 125 613 133 604 142L308 442C296 454 292 471 292 487 292 504 296 521 308 533L604 854C617 867 629 875 646 875 663 875 679 871 692 858 704 846 713 829 713 812 713 796 708 779 692 767L438 487 692 225C700 217 708 204 708 187 708 171 704 154 692 142 675 129 663 125 646 125Z\"><\/path><\/svg>\t\t\t\t\t<\/div>\n\t\t\t\t\t<div class=\"elementor-swiper-button elementor-swiper-button-next\" role=\"button\" tabindex=\"0\">\n\t\t\t\t\t\t<svg aria-hidden=\"true\" class=\"e-font-icon-svg e-eicon-chevron-right\" viewBox=\"0 0 1000 1000\" xmlns=\"http:\/\/www.w3.org\/2000\/svg\"><path d=\"M696 533C708 521 713 504 713 487 713 471 708 454 696 446L400 146C388 133 375 125 354 125 338 125 325 129 313 142 300 154 292 171 292 187 292 204 296 221 308 233L563 492 304 771C292 783 288 800 288 817 288 833 296 850 308 863 321 871 338 875 354 875 371 875 388 867 400 854L696 533Z\"><\/path><\/svg>\t\t\t\t\t<\/div>\n\t\t\t\t\n\t\t\t\t\t\t\t\t\t<\/div>\n\t\t\t\t\t\t<\/div>\n\t\t\t\t\t<\/div>\n\t\t\t\t<\/div>\n\t\t<div class=\"elementor-element elementor-element-f225f0a e-flex e-con-boxed wpr-particle-no wpr-jarallax-no wpr-parallax-no wpr-sticky-section-no e-con e-parent\" data-id=\"f225f0a\" data-element_type=\"container\" data-e-type=\"container\">\n\t\t\t\t\t<div class=\"e-con-inner\">\n\t\t<div class=\"elementor-element elementor-element-5d5a33d e-con-full e-flex wpr-particle-no wpr-jarallax-no wpr-parallax-no wpr-sticky-section-no e-con e-child\" data-id=\"5d5a33d\" data-element_type=\"container\" data-e-type=\"container\">\n\t\t\t\t<div class=\"elementor-element elementor-element-b9dd863 elementor-invisible elementor-widget elementor-widget-image\" data-id=\"b9dd863\" data-element_type=\"widget\" data-e-type=\"widget\" data-settings=\"{&quot;_animation&quot;:&quot;fadeInLeft&quot;}\" data-widget_type=\"image.default\">\n\t\t\t\t\t\t\t\t\t\t\t\t\t\t\t\t<a href=\"https:\/\/zielinskizaune.com\/index.php\/tore\/\">\n\t\t\t\t\t\t\t<img fetchpriority=\"high\" decoding=\"async\" width=\"800\" height=\"450\" src=\"http:\/\/zielinskizaune.com\/wp-content\/uploads\/2026\/02\/t11-1024x576.jpg\" class=\"elementor-animation-shrink attachment-large size-large wp-image-339\" alt=\"\" srcset=\"http:\/\/zielinskizaune.com\/wp-content\/uploads\/2026\/02\/t11-1024x576.jpg 1024w, http:\/\/zielinskizaune.com\/wp-content\/uploads\/2026\/02\/t11-300x169.jpg 300w, http:\/\/zielinskizaune.com\/wp-content\/uploads\/2026\/02\/t11-768x432.jpg 768w, http:\/\/zielinskizaune.com\/wp-content\/uploads\/2026\/02\/t11.jpg 1091w\" sizes=\"(max-width: 800px) 100vw, 800px\" \/>\t\t\t\t\t\t\t\t<\/a>\n\t\t\t\t\t\t\t\t\t\t\t\t\t\t\t<\/div>\n\t\t\t\t<div class=\"elementor-element elementor-element-904994b elementor-widget elementor-widget-heading\" data-id=\"904994b\" data-element_type=\"widget\" data-e-type=\"widget\" data-widget_type=\"heading.default\">\n\t\t\t\t\t<h2 class=\"elementor-heading-title elementor-size-default\">Tore <\/h2>\t\t\t\t<\/div>\n\t\t\t\t<div class=\"elementor-element elementor-element-0c12b5f elementor-widget elementor-widget-text-editor\" data-id=\"0c12b5f\" data-element_type=\"widget\" data-e-type=\"widget\" data-widget_type=\"text-editor.default\">\n\t\t\t\t\t\t\t\t\t<ul><li class=\"t2\">klassische Tore<\/li><li class=\"t2\">moderne Tore<\/li><li>Mattentore\u00a0<\/li><\/ul>\t\t\t\t\t\t\t\t<\/div>\n\t\t\t\t<\/div>\n\t\t<div class=\"elementor-element elementor-element-ecae276 e-con-full e-flex wpr-particle-no wpr-jarallax-no wpr-parallax-no wpr-sticky-section-no e-con e-child\" data-id=\"ecae276\" data-element_type=\"container\" data-e-type=\"container\">\n\t\t\t\t<div class=\"elementor-element elementor-element-c62f421 elementor-invisible elementor-widget elementor-widget-image\" data-id=\"c62f421\" data-element_type=\"widget\" data-e-type=\"widget\" data-settings=\"{&quot;_animation&quot;:&quot;fadeInRight&quot;,&quot;_animation_mobile&quot;:&quot;fadeInLeft&quot;}\" data-widget_type=\"image.default\">\n\t\t\t\t\t\t\t\t\t\t\t\t\t\t\t\t<a href=\"https:\/\/zielinskizaune.com\/index.php\/geschlossenes-tor\/\">\n\t\t\t\t\t\t\t<img decoding=\"async\" width=\"800\" height=\"450\" src=\"http:\/\/zielinskizaune.com\/wp-content\/uploads\/2026\/02\/g18-1024x576.jpg\" class=\"elementor-animation-shrink attachment-large size-large wp-image-375\" alt=\"\" srcset=\"http:\/\/zielinskizaune.com\/wp-content\/uploads\/2026\/02\/g18-1024x576.jpg 1024w, http:\/\/zielinskizaune.com\/wp-content\/uploads\/2026\/02\/g18-300x169.jpg 300w, http:\/\/zielinskizaune.com\/wp-content\/uploads\/2026\/02\/g18-768x432.jpg 768w, http:\/\/zielinskizaune.com\/wp-content\/uploads\/2026\/02\/g18-1536x864.jpg 1536w, http:\/\/zielinskizaune.com\/wp-content\/uploads\/2026\/02\/g18.jpg 1656w\" sizes=\"(max-width: 800px) 100vw, 800px\" \/>\t\t\t\t\t\t\t\t<\/a>\n\t\t\t\t\t\t\t\t\t\t\t\t\t\t\t<\/div>\n\t\t\t\t<div class=\"elementor-element elementor-element-201eff7 elementor-widget elementor-widget-heading\" data-id=\"201eff7\" data-element_type=\"widget\" data-e-type=\"widget\" data-widget_type=\"heading.default\">\n\t\t\t\t\t<h2 class=\"elementor-heading-title elementor-size-default\">Geschlossenes tor<\/h2>\t\t\t\t<\/div>\n\t\t\t\t<div class=\"elementor-element elementor-element-6a01c85 elementor-widget elementor-widget-text-editor\" data-id=\"6a01c85\" data-element_type=\"widget\" data-e-type=\"widget\" data-widget_type=\"text-editor.default\">\n\t\t\t\t\t\t\t\t\t<ul><li class=\"t2\">Tore, gef\u00fcllt mit Paneelen,<\/li><li class=\"t2\">Holz- oder Metallbrettern<\/li><\/ul>\t\t\t\t\t\t\t\t<\/div>\n\t\t\t\t<\/div>\n\t\t\t\t\t<\/div>\n\t\t\t\t<\/div>\n\t\t<div class=\"elementor-element elementor-element-c4bb041 e-flex e-con-boxed wpr-particle-no wpr-jarallax-no wpr-parallax-no wpr-sticky-section-no e-con e-parent\" data-id=\"c4bb041\" data-element_type=\"container\" data-e-type=\"container\">\n\t\t\t\t\t<div class=\"e-con-inner\">\n\t\t<div class=\"elementor-element elementor-element-06c35bb e-con-full e-flex wpr-particle-no wpr-jarallax-no wpr-parallax-no wpr-sticky-section-no e-con e-child\" data-id=\"06c35bb\" data-element_type=\"container\" data-e-type=\"container\">\n\t\t\t\t<div class=\"elementor-element elementor-element-5e559cf elementor-invisible elementor-widget elementor-widget-image\" data-id=\"5e559cf\" data-element_type=\"widget\" data-e-type=\"widget\" data-settings=\"{&quot;_animation&quot;:&quot;fadeInLeft&quot;}\" data-widget_type=\"image.default\">\n\t\t\t\t\t\t\t\t\t\t\t\t\t\t\t\t<a href=\"https:\/\/zielinskizaune.com\/index.php\/klassische-zaune\/\">\n\t\t\t\t\t\t\t<img decoding=\"async\" width=\"800\" height=\"450\" src=\"http:\/\/zielinskizaune.com\/wp-content\/uploads\/2026\/02\/c4-1024x576.jpg\" class=\"elementor-animation-shrink attachment-large size-large wp-image-390\" alt=\"\" srcset=\"http:\/\/zielinskizaune.com\/wp-content\/uploads\/2026\/02\/c4-1024x576.jpg 1024w, http:\/\/zielinskizaune.com\/wp-content\/uploads\/2026\/02\/c4-300x169.jpg 300w, http:\/\/zielinskizaune.com\/wp-content\/uploads\/2026\/02\/c4-768x432.jpg 768w, http:\/\/zielinskizaune.com\/wp-content\/uploads\/2026\/02\/c4.jpg 1278w\" sizes=\"(max-width: 800px) 100vw, 800px\" \/>\t\t\t\t\t\t\t\t<\/a>\n\t\t\t\t\t\t\t\t\t\t\t\t\t\t\t<\/div>\n\t\t\t\t<div class=\"elementor-element elementor-element-6a73368 elementor-widget elementor-widget-heading\" data-id=\"6a73368\" data-element_type=\"widget\" data-e-type=\"widget\" data-widget_type=\"heading.default\">\n\t\t\t\t\t<h2 class=\"elementor-heading-title elementor-size-default\">Klassische Z\u00e4une<\/h2>\t\t\t\t<\/div>\n\t\t\t\t<div class=\"elementor-element elementor-element-9c112e2 elementor-widget elementor-widget-text-editor\" data-id=\"9c112e2\" data-element_type=\"widget\" data-e-type=\"widget\" data-widget_type=\"text-editor.default\">\n\t\t\t\t\t\t\t\t\t<ul><li class=\"t2\"><h5 class=\"t2\">klassische Z\u00e4une nach Ma\u00df<\/h5><\/li><li class=\"t2\"><h5 class=\"t2\">gro\u00dfe Auswahl an Mustern und m\u00f6glichen Modifikationen<\/h5><\/li><\/ul>\t\t\t\t\t\t\t\t<\/div>\n\t\t\t\t<\/div>\n\t\t<div class=\"elementor-element elementor-element-9c86788 e-con-full e-flex wpr-particle-no wpr-jarallax-no wpr-parallax-no wpr-sticky-section-no e-con e-child\" data-id=\"9c86788\" data-element_type=\"container\" data-e-type=\"container\">\n\t\t\t\t<div class=\"elementor-element elementor-element-204a064 elementor-invisible elementor-widget elementor-widget-image\" data-id=\"204a064\" data-element_type=\"widget\" data-e-type=\"widget\" data-settings=\"{&quot;_animation&quot;:&quot;fadeInRight&quot;,&quot;_animation_mobile&quot;:&quot;fadeInLeft&quot;}\" data-widget_type=\"image.default\">\n\t\t\t\t\t\t\t\t\t\t\t\t\t\t\t\t<a href=\"https:\/\/zielinskizaune.com\/index.php\/doppelstabmatten\/\">\n\t\t\t\t\t\t\t<img loading=\"lazy\" decoding=\"async\" width=\"800\" height=\"450\" src=\"http:\/\/zielinskizaune.com\/wp-content\/uploads\/2026\/02\/d15-1024x576.jpg\" class=\"elementor-animation-shrink attachment-large size-large wp-image-304\" alt=\"\" srcset=\"http:\/\/zielinskizaune.com\/wp-content\/uploads\/2026\/02\/d15-1024x576.jpg 1024w, http:\/\/zielinskizaune.com\/wp-content\/uploads\/2026\/02\/d15-300x169.jpg 300w, http:\/\/zielinskizaune.com\/wp-content\/uploads\/2026\/02\/d15-768x432.jpg 768w, http:\/\/zielinskizaune.com\/wp-content\/uploads\/2026\/02\/d15-1536x864.jpg 1536w, http:\/\/zielinskizaune.com\/wp-content\/uploads\/2026\/02\/d15-2048x1152.jpg 2048w\" sizes=\"(max-width: 800px) 100vw, 800px\" \/>\t\t\t\t\t\t\t\t<\/a>\n\t\t\t\t\t\t\t\t\t\t\t\t\t\t\t<\/div>\n\t\t\t\t<div class=\"elementor-element elementor-element-123cfd6 elementor-widget elementor-widget-heading\" data-id=\"123cfd6\" data-element_type=\"widget\" data-e-type=\"widget\" data-widget_type=\"heading.default\">\n\t\t\t\t\t<h2 class=\"elementor-heading-title elementor-size-default\">Doppelstabmatten <\/h2>\t\t\t\t<\/div>\n\t\t\t\t<div class=\"elementor-element elementor-element-e4068fe elementor-widget elementor-widget-text-editor\" data-id=\"e4068fe\" data-element_type=\"widget\" data-e-type=\"widget\" data-widget_type=\"text-editor.default\">\n\t\t\t\t\t\t\t\t\t<ul><li class=\"t2\"><h5 class=\"t2\">ein sehr beliebter und transparenter Zaun<\/h5><\/li><\/ul>\t\t\t\t\t\t\t\t<\/div>\n\t\t\t\t<\/div>\n\t\t\t\t\t<\/div>\n\t\t\t\t<\/div>\n\t\t<div class=\"elementor-element elementor-element-bd20e65 e-flex e-con-boxed wpr-particle-no wpr-jarallax-no wpr-parallax-no wpr-sticky-section-no e-con e-parent\" data-id=\"bd20e65\" data-element_type=\"container\" data-e-type=\"container\">\n\t\t\t\t\t<div class=\"e-con-inner\">\n\t\t<div class=\"elementor-element elementor-element-2d13f33 e-con-full e-flex wpr-particle-no wpr-jarallax-no wpr-parallax-no wpr-sticky-section-no e-con e-child\" data-id=\"2d13f33\" data-element_type=\"container\" data-e-type=\"container\">\n\t\t\t\t<div class=\"elementor-element elementor-element-15d95f6 elementor-invisible elementor-widget elementor-widget-image\" data-id=\"15d95f6\" data-element_type=\"widget\" data-e-type=\"widget\" data-settings=\"{&quot;_animation&quot;:&quot;fadeInLeft&quot;}\" data-widget_type=\"image.default\">\n\t\t\t\t\t\t\t\t\t\t\t\t\t\t\t\t<a href=\"https:\/\/zielinskizaune.com\/index.php\/moderne-zaune\/\">\n\t\t\t\t\t\t\t<img loading=\"lazy\" decoding=\"async\" width=\"800\" height=\"450\" src=\"http:\/\/zielinskizaune.com\/wp-content\/uploads\/2026\/02\/n8-1024x576.jpg\" class=\"elementor-animation-shrink attachment-large size-large wp-image-465\" alt=\"\" srcset=\"http:\/\/zielinskizaune.com\/wp-content\/uploads\/2026\/02\/n8-1024x576.jpg 1024w, http:\/\/zielinskizaune.com\/wp-content\/uploads\/2026\/02\/n8-300x169.jpg 300w, http:\/\/zielinskizaune.com\/wp-content\/uploads\/2026\/02\/n8-768x432.jpg 768w, http:\/\/zielinskizaune.com\/wp-content\/uploads\/2026\/02\/n8-1536x864.jpg 1536w, http:\/\/zielinskizaune.com\/wp-content\/uploads\/2026\/02\/n8.jpg 1600w\" sizes=\"(max-width: 800px) 100vw, 800px\" \/>\t\t\t\t\t\t\t\t<\/a>\n\t\t\t\t\t\t\t\t\t\t\t\t\t\t\t<\/div>\n\t\t\t\t<div class=\"elementor-element elementor-element-3caf0a7 elementor-widget elementor-widget-heading\" data-id=\"3caf0a7\" data-element_type=\"widget\" data-e-type=\"widget\" data-widget_type=\"heading.default\">\n\t\t\t\t\t<h2 class=\"elementor-heading-title elementor-size-default\">moderne Z\u00e4une<\/h2>\t\t\t\t<\/div>\n\t\t\t\t<div class=\"elementor-element elementor-element-71f3be7 elementor-widget elementor-widget-text-editor\" data-id=\"71f3be7\" data-element_type=\"widget\" data-e-type=\"widget\" data-widget_type=\"text-editor.default\">\n\t\t\t\t\t\t\t\t\t<ul><li class=\"t2\"><h5 class=\"t2\">modische und moderne Z\u00e4une<\/h5><\/li><\/ul>\t\t\t\t\t\t\t\t<\/div>\n\t\t\t\t<\/div>\n\t\t<div class=\"elementor-element elementor-element-11e707c e-con-full e-flex wpr-particle-no wpr-jarallax-no wpr-parallax-no wpr-sticky-section-no e-con e-child\" data-id=\"11e707c\" data-element_type=\"container\" data-e-type=\"container\">\n\t\t\t\t<div class=\"elementor-element elementor-element-d5647fd elementor-invisible elementor-widget elementor-widget-image\" data-id=\"d5647fd\" data-element_type=\"widget\" data-e-type=\"widget\" data-settings=\"{&quot;_animation&quot;:&quot;fadeInRight&quot;,&quot;_animation_mobile&quot;:&quot;fadeInLeft&quot;}\" data-widget_type=\"image.default\">\n\t\t\t\t\t\t\t\t\t\t\t\t\t\t\t\t<a href=\"https:\/\/zielinskizaune.com\/index.php\/systemzaune\/\">\n\t\t\t\t\t\t\t<img loading=\"lazy\" decoding=\"async\" width=\"800\" height=\"450\" src=\"http:\/\/zielinskizaune.com\/wp-content\/uploads\/2026\/02\/s2-1024x576.jpg\" class=\"elementor-animation-shrink attachment-large size-large wp-image-529\" alt=\"\" srcset=\"http:\/\/zielinskizaune.com\/wp-content\/uploads\/2026\/02\/s2-1024x576.jpg 1024w, http:\/\/zielinskizaune.com\/wp-content\/uploads\/2026\/02\/s2-300x169.jpg 300w, http:\/\/zielinskizaune.com\/wp-content\/uploads\/2026\/02\/s2-768x432.jpg 768w, http:\/\/zielinskizaune.com\/wp-content\/uploads\/2026\/02\/s2-1536x864.jpg 1536w, http:\/\/zielinskizaune.com\/wp-content\/uploads\/2026\/02\/s2.jpg 1600w\" sizes=\"(max-width: 800px) 100vw, 800px\" \/>\t\t\t\t\t\t\t\t<\/a>\n\t\t\t\t\t\t\t\t\t\t\t\t\t\t\t<\/div>\n\t\t\t\t<div class=\"elementor-element elementor-element-cbeb260 elementor-widget elementor-widget-heading\" data-id=\"cbeb260\" data-element_type=\"widget\" data-e-type=\"widget\" data-widget_type=\"heading.default\">\n\t\t\t\t\t<h2 class=\"elementor-heading-title elementor-size-default\">Systemz\u00e4une<\/h2>\t\t\t\t<\/div>\n\t\t\t\t<div class=\"elementor-element elementor-element-e1a5882 elementor-widget elementor-widget-text-editor\" data-id=\"e1a5882\" data-element_type=\"widget\" data-e-type=\"widget\" data-widget_type=\"text-editor.default\">\n\t\t\t\t\t\t\t\t\t<ul><li class=\"t2\"><h5 class=\"t2\">einfache ma\u00dfgefertigte Z\u00e4une mit wenigen Verzierungen<\/h5><\/li><\/ul>\t\t\t\t\t\t\t\t<\/div>\n\t\t\t\t<\/div>\n\t\t\t\t\t<\/div>\n\t\t\t\t<\/div>\n\t\t<div class=\"elementor-element elementor-element-c4a0787 e-flex e-con-boxed wpr-particle-no wpr-jarallax-no wpr-parallax-no wpr-sticky-section-no e-con e-parent\" data-id=\"c4a0787\" data-element_type=\"container\" data-e-type=\"container\">\n\t\t\t\t\t<div class=\"e-con-inner\">\n\t\t<div class=\"elementor-element elementor-element-fc22d07 e-con-full e-flex wpr-particle-no wpr-jarallax-no wpr-parallax-no wpr-sticky-section-no e-con e-child\" data-id=\"fc22d07\" data-element_type=\"container\" data-e-type=\"container\">\n\t\t\t\t<div class=\"elementor-element elementor-element-8d7b374 elementor-invisible elementor-widget elementor-widget-image\" data-id=\"8d7b374\" data-element_type=\"widget\" data-e-type=\"widget\" data-settings=\"{&quot;_animation&quot;:&quot;fadeInLeft&quot;}\" data-widget_type=\"image.default\">\n\t\t\t\t\t\t\t\t\t\t\t\t\t\t\t\t<a href=\"https:\/\/zielinskizaune.com\/index.php\/wpc\/\">\n\t\t\t\t\t\t\t<img loading=\"lazy\" decoding=\"async\" width=\"800\" height=\"450\" src=\"http:\/\/zielinskizaune.com\/wp-content\/uploads\/2026\/02\/WhatsApp-Image-2025-09-30-at-11.33.572-1024x576.jpg\" class=\"elementor-animation-shrink attachment-large size-large wp-image-682\" alt=\"\" srcset=\"http:\/\/zielinskizaune.com\/wp-content\/uploads\/2026\/02\/WhatsApp-Image-2025-09-30-at-11.33.572-1024x576.jpg 1024w, http:\/\/zielinskizaune.com\/wp-content\/uploads\/2026\/02\/WhatsApp-Image-2025-09-30-at-11.33.572-300x169.jpg 300w, http:\/\/zielinskizaune.com\/wp-content\/uploads\/2026\/02\/WhatsApp-Image-2025-09-30-at-11.33.572-768x432.jpg 768w, http:\/\/zielinskizaune.com\/wp-content\/uploads\/2026\/02\/WhatsApp-Image-2025-09-30-at-11.33.572.jpg 1344w\" sizes=\"(max-width: 800px) 100vw, 800px\" \/>\t\t\t\t\t\t\t\t<\/a>\n\t\t\t\t\t\t\t\t\t\t\t\t\t\t\t<\/div>\n\t\t\t\t<div class=\"elementor-element elementor-element-a4db05c elementor-widget elementor-widget-heading\" data-id=\"a4db05c\" data-element_type=\"widget\" data-e-type=\"widget\" data-widget_type=\"heading.default\">\n\t\t\t\t\t<h2 class=\"elementor-heading-title elementor-size-default\">WPC<\/h2>\t\t\t\t<\/div>\n\t\t\t\t<div class=\"elementor-element elementor-element-68fda9a elementor-widget elementor-widget-text-editor\" data-id=\"68fda9a\" data-element_type=\"widget\" data-e-type=\"widget\" data-widget_type=\"text-editor.default\">\n\t\t\t\t\t\t\t\t\t<ul><li class=\"t2\"><pre id=\"tw-target-text\" class=\"tw-data-text tw-text-large tw-ta\" dir=\"ltr\" tabindex=\"-1\" role=\"text\" data-placeholder=\"T\u0142umaczenie\" data-ved=\"2ahUKEwiQz6u56eySAxVzGhAIHUdCH4oQ3ewLegQIBBAW\" aria-label=\"Przet\u0142umaczony tekst: Z\u00c4UNE MIT WPC-PLATTENF\u00dcLLUNG\"><span class=\"Y2IQFc\" lang=\"de\">Z\u00c4UNE MIT WPC-PLATTENF\u00dcLLUNG<\/span><\/pre><\/li><\/ul>\t\t\t\t\t\t\t\t<\/div>\n\t\t\t\t<\/div>\n\t\t<div class=\"elementor-element elementor-element-1a90baa e-con-full e-flex wpr-particle-no wpr-jarallax-no wpr-parallax-no wpr-sticky-section-no e-con e-child\" data-id=\"1a90baa\" data-element_type=\"container\" data-e-type=\"container\">\n\t\t\t\t<\/div>\n\t\t\t\t\t<\/div>\n\t\t\t\t<\/div>\n\t\t\t\t<\/div>\n\t\t","protected":false},"excerpt":{"rendered":"<p>Willkommen auf der zielinskizaune-Website Die Website ist eine Galerie fertiggestellter Z\u00e4une Wir produzieren und installieren ma\u00dfgeschneiderte Z\u00e4une, die auf Ihr Gel\u00e4nde und Ihre Vorlieben zugeschnitten sind Tore klassische Tore moderne Tore Mattentore\u00a0 Geschlossenes tor Tore, gef\u00fcllt mit Paneelen, Holz- oder Metallbrettern Klassische Z\u00e4une klassische Z\u00e4une nach Ma\u00df gro\u00dfe Auswahl an Mustern und m\u00f6glichen Modifikationen Doppelstabmatten ein sehr beliebter und transparenter Zaun moderne Z\u00e4une modische und moderne Z\u00e4une Systemz\u00e4une einfache ma\u00dfgefertigte Z\u00e4une mit wenigen Verzierungen WPC Z\u00c4UNE MIT WPC-PLATTENF\u00dcLLUNG<\/p>\n","protected":false},"author":1,"featured_media":0,"parent":0,"menu_order":0,"comment_status":"closed","ping_status":"closed","template":"","meta":{"footnotes":""},"class_list":["post-572","page","type-page","status-publish","hentry"],"_links":{"self":[{"href":"https:\/\/zielinskizaune.com\/index.php\/wp-json\/wp\/v2\/pages\/572","targetHints":{"allow":["GET"]}}],"collection":[{"href":"https:\/\/zielinskizaune.com\/index.php\/wp-json\/wp\/v2\/pages"}],"about":[{"href":"https:\/\/zielinskizaune.com\/index.php\/wp-json\/wp\/v2\/types\/page"}],"author":[{"embeddable":true,"href":"https:\/\/zielinskizaune.com\/index.php\/wp-json\/wp\/v2\/users\/1"}],"replies":[{"embeddable":true,"href":"https:\/\/zielinskizaune.com\/index.php\/wp-json\/wp\/v2\/comments?post=572"}],"version-history":[{"count":40,"href":"https:\/\/zielinskizaune.com\/index.php\/wp-json\/wp\/v2\/pages\/572\/revisions"}],"predecessor-version":[{"id":706,"href":"https:\/\/zielinskizaune.com\/index.php\/wp-json\/wp\/v2\/pages\/572\/revisions\/706"}],"wp:attachment":[{"href":"https:\/\/zielinskizaune.com\/index.php\/wp-json\/wp\/v2\/media?parent=572"}],"curies":[{"name":"wp","href":"https:\/\/api.w.org\/{rel}","templated":true}]}}